the remainder when ((-324)/(-24) - 1)*12*772/40 is divided by 25.
20
Suppose -188 = -2*q + 2*a, 2*a + a = -q + 110. Suppose -3*l - 4*o = -q, 5*l + 3*o = 115 + 52. What is the remainder when 127 is divided by l?
25
Suppose 167*o - 257*o + 185220 = 0. What is the remainder when o is divided by 10?
8
Let b = 5 + 15. Let l be 2 - 28/4 - (-2 - 3). Suppose l = 3*m - 103 - 188. Calculate the remainder when m is divided by b.
17
Suppose 3 = 3*l, 2*t + 48 + 257 = -5*l. Let j = t + 188. Let r = 158 - 30. Calculate the remainder when r is divided by j.
29
Let r = 4854 + -4829. Let c = 2 - 2. Suppose c = 4*o + 3*f - 594, o - 153 = -2*f - f. Calculate the remainder when o is divided by r.
22
Suppose 7 = -2*f - n, 3*f + 28 = -3*n + 13. What is the remainder when 45 is divided by -1*6/(-3)*(-37)/f?
8
Let c(f) = f**3 + 22*f**2 + 2*f + 74. Let i be c(-22). Suppose 0 = i*m - 13*m - 918. Calculate the remainder when 376 is divided by m.
52
Suppose -2*x - 2*x = -120. Suppose l + 23 = 3*u - 57, -u + l = -x. What is the remainder when 97 is divided by u?
22
Suppose -170 = -3*z + 15*l - 11*l, -2*z + 104 = -4*l. What is the remainder when 458 is divided by z?
62
Suppose -3*i + 1142 = 5*k, 318 = 5*k + 4*i - 828. Suppose 0 = -2*l - 2*x + k, -l - 2*l = -2*x - 359. Calculate the remainder when l is divided by 38.
3
Suppose 0 = -2*l + 4*d + 664, -4*l - 3*d = -1806 + 500. Calculate the remainder when 341 is divided by l.
13
What is the remainder when 4161 is divided by (-935)/(-110)*-4*(-3 + (-15)/(-6))?
13
Suppose 515 = y - 2*d, 2*y + 38*d - 1078 = 34*d. Calculate the remainder when y is divided by 100.
27
Let p(o) = -19*o - 5*o - 92*o**2 + 91*o**2 - 6 - 18. What is the remainder when 115 is divided by p(-21)?
37
Suppose -104 + 410 = 3*l - 3*i, -2*i = -4*l + 410. What is the remainder when 120 is divided by l?
17
Let z = -15314 - -15401. Calculate the remainder when 187 is divided by z.
13
Let i(z) = -2*z**2 + 4*z - 1. Let s be i(-1). Let r be (46 + 0)/((-232)/(-32) + s). Suppose -206 = -10*v + r. What is the remainder when v is divided by 8?
7
Let p be 12/3*(-2)/2. Let m be (21/14)/((-2)/p). Suppose -2*c + 36 = 5*g, m*c + 4*g - g = 72. Calculate the remainder when 79 is divided by c.
23
Suppose 5*h - 3*m = 49, 5*h + 1 = 5*m + 56. What is the remainder when 77 - (-5 + h)*3/9 is divided by 42?
34
Let l(d) = 31*d + 10. Let x be -2*3/27 + (-4)/(-18). Calculate the remainder when l(x) is divided by 3.
1
Let h(p) = p**3 + 20*p**2 - 4*p - 45. Let m be h(-20). Suppose 3*d - 3*v - 48 = 0, v - m = -4*d + 4. Calculate the remainder when 207 is divided by d.
9
Suppose g + 2*g - 159 = 0. Let t(x) = 41*x + 61. What is the remainder when g is divided by t(-1)?
13
Suppose -512*n - 2863 = -66*n - 357433. What is the remainder when n is divided by 13?
2
Suppose 4*c = c - o + 169, o - 224 = -4*c. What is the remainder when c is divided by 19?
17
Let j be (2 - -106)*(-3 - 42/(-9)). Suppose 6*z - j = z. What is the remainder when 93 is divided by z?
21
Suppose 30602 = -86*o + 101724. What is the remainder when o is divided by 10?
7
Calculate the remainder when (68 + -82)*(-201*3)/((-315)/(-30)) is divided by 5.
4
Let x(p) = p**3 + 8*p**2 + p - 3. Let r(g) = g**3 + 5*g**2 - 8*g - 4. What is the remainder when x(-7) is divided by r(-6)?
7
Suppose 2*n - 100 = -8*n. Let l(x) = x**2 - 2*x**2 + 14 + n*x - 22*x - 1. What is the remainder when 93 is divided by l(-11)?
21
Suppose 0 = -7*q + 11 - 11. Suppose q = -21*n + 18*n + 2094. What is the remainder when n is divided by 100?
98
Let b(w) = w**3 + 2*w**2 + 8*w - 31. Let t be b(-7). Let n = -301 - t. What is the remainder when 59 is divided by n?
28
Suppose 0*i - 3*i = -9. Suppose -i*a + 162 = -57. Calculate the remainder when a is divided by 12/(-21) - (1096/28)/(-2).
16
Suppose 2401*x = 2391*x + 25050. Calculate the remainder when x is divided by 109.
107
Let t(m) = 6*m**2 - 22*m + 56. Let w(s) = -1. Let y(c) = t(c) + w(c). Calculate the remainder when y(3) is divided by 8.
3
Let p(g) = -g**3 + 60*g**2 - 169*g + 92. What is the remainder when 812 is divided by p(57)?
194
Suppose 12*i - 16*i + 1668 = 0. Calculate the remainder when i is divided by ((-975)/(-78))/((-20)/(-48)).
27
Let s = 39 + -36. Let h = 47 - -1. Suppose h = -m + 5*m. Calculate the remainder when m is divided by s.
0
Let k(c) be the first derivative of -c**3/3 - 18*c**2 - 34*c - 12. What is the remainder when 190 is divided by k(-33)?
60
Suppose 0 = 5*s - 218 - 207. Calculate the remainder when s is divided by (21 + 2585/(-110))*52/(-5).
7
Let o be 7 - 6 - (14 - (2 - 0)). Let q = o - -14. Suppose 88 = q*c - 65. Calculate the remainder when 203 is divided by c.
50
Let b = -1095 - -1179. Let d = 29 - 19. What is the remainder when b is divided by d?
4
Suppose -18*s - 137175 = -93*s. What is the remainder when s is divided by 47?
43
Let q = -3736 - -3788. Calculate the remainder when q is divided by 15.
7
Suppose -100*k = -20*k - 123182 + 36542. What is the remainder when k is divided by 17?
12
Suppose w + 266 - 693 = 0. Suppose 0 = -5*g + 5, -8*j + 11*j + 4*g = w. Calculate the remainder when j is divided by 49.
43
Let t(o) = -12*o - 34. Let f(q) = -4*q - 17. Let k(v) = -7*f(v) + 4*t(v). What is the remainder when k(-5) is divided by 12?
11
Suppose 0 = 5*z + 4*g - 532, -z - 9*g - 133 + 223 = 0. Calculate the remainder when 2701 is divided by z.
1
What is the remainder when 1367 is divided by -36*(-3 - 1 - (-7)/2)?
17
Suppose 0 = -143*p + 37927 + 67607. Calculate the remainder when p is divided by 74.
72
Suppose -275*t = -280*t + 1030. Suppose 3*c - t = 268. What is the remainder when c is divided by 20?
18
Suppose 137*t = 309*t - 394912. What is the remainder when t is divided by 39?
34
Let h(n) = -n**2 - 5*n + 4. Let p be h(-5). Let b = 12 - p. Calculate the remainder when 77 is divided by 36 + -8*(-4)/b.
37
Let b = 26382 - 26215. Calculate the remainder when 952 is divided by b.
117
Let g be 547/4 - ((-78)/24 + 3). Suppose -6*s = -383 + g. What is the remainder when s is divided by (-11)/3*(1 + -7)?
19
Let c(n) = -4*n**3 + 4*n**2 + 11*n - 12. Calculate the remainder when 372 is divided by c(-3).
75
Let q(m) = m**2 - 8. Let h = 348 + -25. Suppose 3*u - h = 4*f + 83, -5*u + 696 = 3*f. What is the remainder when u is divided by q(6)?
26
Let m(z) = 4*z - 1. Let u be ((-12)/33)/((-2)/22). Suppose -5*y - 20 = 0, 0 = 27*i - 30*i - u*y - 13. Calculate the remainder when m(1) is divided by i.
0
What is the remainder when ((-100)/(-80))/((203/(-840))/(-29)) is divided by (3 - 12)/((-3)/14)?
24
Let x be -63*(108/(-28) + 3). Let j(d) = 6*d - 20. Let k be j(6). Suppose k = -x*s + 55*s. What is the remainder when 47 is divided by s?
15
Let d be 389/(((-4)/(-18))/(-2)*3). Let m = -770 - d. What is the remainder when m is divided by 19?
17
Let s(j) = 16*j - 107. Let m be s(7). Let k(h) = 5*h**2 - 22*h + 55. What is the remainder when k(m) is divided by 41?
29
Suppose 0 = 2*v + v. Let u(n) = 2*n - 8. Let i be u(v). Let t(z) = z**3 + 9*z**2 + 4*z - 17. What is the remainder when 28 is divided by t(i)?
13
Suppose -5*d + 127 + 424 = k, 5*k + 3*d - 2623 = 0. Calculate the remainder when k is divided by 95.
46
Let v be (26/(-68) - 68/578)*0. Let d(u) = -6*u**2 + u + 7. Let a = -41 - -58. What is the remainder when a is divided by d(v)?
3
Let i = 46 - 35. Suppose 3*u = 4*q + q + 45, u = 3*q + 11. Suppose 2*k - 4 = u. Calculate the remainder when k is divided by i.
1
What is the remainder when (-22 - -18)/(3 - (-8546)/(-2846)) is divided by 353?
11
Suppose -8682*p + 8683*p = 412. Calculate the remainder when p is divided by 2.
0
What is the remainder when -945*(2 + -3) + (-5 - -1) is divided by 49?
10
Suppose 5*x = -2*l - 7, 19 = 4*l - 4*x + 3*x. Suppose 0 = l*v - 9*v - 85. Let s = 83 + v. Calculate the remainder when s is divided by 24.
18
Let u = -1527 - -1532. What is the remainder when 59 is divided by u?
4
Calculate the remainder when 231 is divided by 13 + 57 + -6 - -10.
9
Let z = -6226 + 6301. What is the remainder when 721 is divided by z?
46
Let c = 203 - 200. Let a(s) = -1 + 0*s**3 + 3*s + s**3 + s**2 - 5*s - 1. Calculate the remainder when 54 is divided by a(c).
26
Suppose -4*y = 5*r + 57, r + 5*y + 42 = -2*r. Let n be (r/(-2))/(4/8). What is the remainder when n*(2/(-6) - -4) is divided 